 of g(v).
2
Let x(r) = 76*r**3 + 2*r**2 - 2. Let n be x(1). Let d = n + 123. List the prime factors of d.
199
Let o(i) = -13 - 15 - i - 11 + 42. What are the prime factors of o(-10)?
13
Let t be -1 + 5 - 0/(-8). Let w be (-124 - -3)*t/(-4). Suppose 0 = 5*b - f - 126, 4*f = -2*b - 3*b + w. List the prime factors of b.
5
Suppose 0 = 5*g + 3*p + 15, 4*g + 29 = 3*p - 2*p. Let d(j) = -14*j - 2. What are the prime factors of d(g)?
2, 41
Let d be 6/(-4 - -7) - 2. Suppose 0 = 2*p - 2*o - 5 - 5, -3*p + o + 21 = d. List the prime factors of p.
2
Suppose 0 = -4*f + 5*t + 13004, -5*f + 24*t = 20*t - 16255. What are the prime factors of f?
3251
Let q(c) = c**2 + 3*c - 5. Let z be q(-4). Let y(h) = -81*h - 2. List the prime factors of y(z).
79
Let s(h) = -h**3 - h + 1. Let m be s(0). Let n = m - -2. List the prime factors of n.
3
Let h = 1640 - 886. What are the prime factors of h?
2, 13, 29
Suppose 0 = -15*j + 42*j - 1512. List the prime factors of j.
2, 7
Suppose 0 = 8*i - 6*i. Suppose i = -n + 2*n + 8. List the prime factors of ((-108)/8)/(6/n).
2, 3
Suppose 0 = 2*v + 4*u - 0 - 14, 36 = 3*v + u. Suppose -q + 1 - v = 0. Let i = 13 - q. What are the prime factors of i?
5
What are the prime factors of -1 + -2 + 26 + 3016?
3, 1013
Let i = 6 + -8. Let f = -1 + i. Let j = f - -7. List the prime factors of j.
2
Let b(q) = 23*q**2 - 26*q + 48. List the prime factors of b(9).
3, 13, 43
Let c(o) = o**2 + 8*o + 9. Let u be c(-5). Let z(m) = -25*m - 46. List the prime factors of z(u).
2, 13
Suppose -8*b + 2*b + 30 = 0. Suppose -4*w + b*h = 10, w - 3*h = 5*w - 6. Suppose -3*z + w*z - 4*c = -131, 4*z = -5*c + 174. List the prime factors of z.
41
Suppose -4*r - y + 4 = 0, r + 2 = y - 2*y. Suppose -r*b - 992 = -10*b. Let l = b + -73. What are the prime factors of l?
3, 17
Let i = -23 - 13. Suppose -53 = 3*y + 19. Let q = y - i. List the prime factors of q.
2, 3
Let q be (32/(-6))/2*-6. Suppose q = 4*s, -f + 35 + 29 = 4*s. Let m = f - 21. List the prime factors of m.
3
Let p(y) = 101*y**2 + 3*y - 7. List the prime factors of p(2).
13, 31
Let t(w) = 2*w**2 + 7*w - 17. Suppose 5*o = -s - 0*s + 29, 2*s = -2*o + 18. List the prime factors of t(o).
2, 17
Let i = -1332 - -2033. List the prime factors of i.
701
Let h(y) = 356*y**2 - 240*y - 2. List the prime factors of h(-2).
2, 3, 317
Suppose 0 = -u + 11 + 1. Let s = -7 + u. List the prime factors of (-27)/s*20/(-6).
2, 3
Suppose 0 = 5*z - z. Let u(n) = n**3 + n**2 + n. Let q be u(z). Suppose -4*h - v = -199, 4*v - 159 = -3*h - q*v. What are the prime factors of h?
7
Let y(l) = l**3 + 6*l**2 - 3*l + 4. Let s be y(4). Suppose 3*o + o - s = 0. What are the prime factors of o?
2, 19
Let p = 24 + -10. Suppose -16 + 44 = 4*g. Let i = p + g. List the prime factors of i.
3, 7
Let x be ((-8)/(-10))/((-8)/60). Let g = x + 20. List the prime factors of g.
2, 7
Let h(y) = y**3 + 9*y**2 + 7*y + 12. Let d be h(-8). Suppose -k - 4 = d. List the prime factors of ((-16)/k)/((-2)/(-30)).
2, 5
Suppose r - 11*c - 2778 = -10*c, -4*c = 5*r - 13917. List the prime factors of r.
3, 103
Let z be (1/(3/(-6)))/((-3)/(-435)). Let a = -152 - z. What are the prime factors of a?
2, 3, 23
Suppose 0 = 3*v + 6*v - 1485. What are the prime factors of v?
3, 5, 11
Let k(g) = 78*g**2 + g - 26. List the prime factors of k(-5).
19, 101
Let o = -507 - -873. What are the prime factors of o?
2, 3, 61
Let t(n) = n**2 - n + 1. Let y(r) = -r**2 - 2. Let d(a) = 2*t(a) + y(a). What are the prime factors of d(-7)?
3, 7
Let q = 7 + -17. Let h(t) = t**2 + 5*t + 8. List the prime factors of h(q).
2, 29
Let k = -970 + 567. Let j = -186 - k. Suppose -s + 119 = 3*c, 9*c = 4*c + 3*s + j. What are the prime factors of c?
41
Let u = 19 - 17. Suppose u = -j + 7. Suppose j*t - 5 = -5*a + 10, -t = 4*a. List the prime factors of t.
2
Suppose -4*i - g + 10 = 0, 5*g = -3*i - i + 18. Suppose -5*k = n + 2*n, i*k - 31 = 5*n. Suppose 6 = k*r - 69. What are the prime factors of r?
5
Let r(h) = 42*h - 34. Let k be ((-28)/6)/(64/(-96)). What are the prime factors of r(k)?
2, 5, 13
Let p = 830 + -409. List the prime factors of p.
421
Let m(o) be the first derivative of -o**2/2 + 14*o + 4. Let h be m(12). Let z(p) = p**3 + p**2 - 4*p + 3. List the prime factors of z(h).
7
Let y = -20 - -19. Let n be y/(290/(-97) - -3). Let l = -60 - n. List the prime factors of l.
37
Suppose 3*c - 6 = c. Suppose c*p - 4*r = 2*p, 3*p + r = 0. List the prime factors of (-2 - -3)*(19 - p).
19
Let i = 40 - 173. Let p = -87 - i. Suppose 2*y + 0*v = 4*v + p, v - 92 = -4*y. What are the prime factors of y?
23
Suppose 2*c + 4*m - 572 = -0*m, 3*m = 0. What are the prime factors of c?
2, 11, 13
Let t = 187 + -105. Let s = t - 36. Suppose s = 5*r - n - 77, -71 = -3*r + 2*n. What are the prime factors of r?
5
Let z(f) = -5*f**3 + 2*f**2 - 11*f - 12. Let l(u) = 4*u**3 - u**2 + 11*u + 11. Let j(t) = 6*l(t) + 5*z(t). List the prime factors of j(-4).
2, 3, 5
Suppose 0 = k + 2 - 1. Let i be -44 + -9 - (2 - (4 - -1)). List the prime factors of i/(((-4)/k)/(-2)).
5
Let m(s) = 6*s - 21. Let a be m(-4). Let u = 3 - a. List the prime factors of u.
2, 3
Let f = -172 - -352. Suppose 2*a - 5*a = -f. What are the prime factors of a?
2, 3, 5
Let b = -139 - -215. Suppose 3*z = f - b, -5*f + 7*z - 2*z + 370 = 0. List the prime factors of f.
73
Let u(v) = v + 46. Let d be u(0). What are the prime factors of ((-9)/(-6))/(1/d)?
3, 23
Suppose -2*v = 2*v. Suppose -2*j + 12 = 5*a - 5*j, a + j + 4 = v. Suppose -4*k + 36 = -a*k. List the prime factors of k.
3
Suppose -3*h = -3*b - 5706, 5*h = -4*b - 5519 + 15020. What are the prime factors of h?
1901
Suppose y - 3*r = r - 8, y - 10 = -5*r. Suppose 2*p = -y*p + 44. Let b = -11 + p. List the prime factors of b.
11
Suppose 35*v - 26872 = -447. List the prime factors of v.
5, 151
Suppose 3*z + n = 16, -z + 2*n = 3*z - 18. Suppose -3*w = -5*m + 249, 0 = z*m - w - 132 - 111. List the prime factors of m.
2, 3
Suppose -3*d + 1 = -26. Let m = -4 + d. Suppose 2*q - 109 = -m*a + q, -67 = -3*a + q. List the prime factors of a.
2, 11
Let k(g) = -g**3 - 5*g**2 - 4*g + 5. Let o be k(-4). Suppose o*a - 2*a = 102. Suppose 5*d - 10 = 5*v, 3*v - d + 6*d = a. List the prime factors of v.
3
Suppose 8 = r - 2. Suppose -8*p + r*p = 0. Suppose p*f + f = -2*j + 14, f = -j + 18. What are the prime factors of f?
2, 11
Let c = -2 + 11. Suppose 3*o - c = -4*i + 2*i, -5*o + 15 = 0. Suppose i = -0*d + 2*d + 4, -2*a = -2*d - 94. List the prime factors of a.
3, 5
Suppose -10 = -3*p + s, -3*p + 12 + 8 = s. Suppose 0 = -t - p*q + 29, q = 3*t - 91 + 4. What are the prime factors of t?
29
Let n(b) be the third derivative of -b**5/60 - 5*b**4/8 - 7*b**3/6 - 16*b**2. What are the prime factors of n(-6)?
47
Suppose -2449 = -32*y + 3535. List the prime factors of y.
11, 17
Suppose 5*u + 21 = b, b + 4*u = 3*b - 42. Suppose -b*k + 69 = -18*k. What are the prime factors of k?
23
List the prime factors of -9 + 5 + 0 + 575.
571
Suppose 2*g + 753 = 5*z, 0 = -3*g - 6 - 6. Suppose 2*w + q - 374 = -3*w, z = 2*w + q. What are the prime factors of w?
3, 5
Suppose 9921 - 2355 = -2*g. Let u be g/(-15) + 1/(-5). Suppose u = 6*p + 6. What are the prime factors of p?
41
Suppose 6*n = 5*n + 6. Let z(g) = -g**3 + 9*g**2 - 5*g + 3. List the prime factors of z(n).
3
Let v(k) = 1418*k**2 + 6*k + 5. What are the prime factors of v(-1)?
13, 109
List the prime factors of (-17 + -854)*3/(-3).
13, 67
Suppose 2*d = -4*i + 5*i - 610, -5*d + 5*i = 1515. Let l = d + 203. Let s = -38 - l. List the prime factors of s.
2, 3, 11
Let k = 298 - 259. What are the prime factors of k?
3, 13
Suppose -4*t - 4*m + 4088 = 0, t - 5*m - 822 = 194. What are the prime factors of t?
1021
Suppose 4*q = 4, -g + 2*q + 0 + 1 = 0. Let k be 12/(-9)*g/(-2). Suppose -k*n + 72 - 4 = 0. List the prime factors of n.
2, 17
Suppose -3*a = -5*p + 40, 0*a = 4*p + 4*a. Let y = p + -2. Suppose -z = y*x - 38, 3*z + 72 = 4*x - z. List the prime factors of x.
2, 7
Let z(j) be the second derivative of 13*j**5/120 - 17*j**4/24 - 11*j**3/6 - 8*j. Let q(g) be the second derivative of z(g). List the prime factors of q(5).
2, 3
Suppose 4*a = 4 - 12. Let j be 42/15 - a/10. Suppose f - j*l = 3, -2*f - 3*l - 4 = -10. What are the prime factors of f?
3
Let d = 157 + -57. What are the prime factors of d?
2, 5
Let